f 407185 and 71.
71
What is the highest common factor of 2230257 and 1857?
1857
Calculate the greatest common divisor of 247 and 52174.
19
What is the greatest common factor of 1629985 and 735?
245
Calculate the highest common factor of 16 and 59856.
16
What is the greatest common factor of 107359 and 1029?
343
Calculate the highest common divisor of 14648 and 80.
8
Calculate the greatest common divisor of 12072321 and 309.
309
What is the greatest common factor of 52 and 3930?
2
What is the highest common divisor of 67156 and 3296?
412
Calculate the greatest common factor of 128035 and 87.
29
What is the highest common divisor of 51750 and 4347?
207
Calculate the greatest common factor of 91 and 14917.
7
What is the greatest common factor of 860 and 97782?
86
What is the greatest common factor of 1882 and 13?
1
What is the highest common factor of 17160 and 570?
30
Calculate the greatest common divisor of 337323 and 21.
21
What is the greatest common factor of 34410 and 65490?
1110
What is the highest common factor of 11454035 and 155?
155
What is the greatest common factor of 41 and 1361569?
41
What is the highest common divisor of 9416094 and 6?
6
Calculate the greatest common divisor of 340756 and 169.
13
What is the highest common factor of 8092 and 1224?
68
What is the highest common factor of 741057 and 57?
57
What is the greatest common divisor of 317580 and 1608?
804
What is the greatest common factor of 516304 and 4?
4
What is the highest common factor of 3885 and 255?
15
What is the highest common factor of 480 and 588?
12
What is the highest common divisor of 16 and 282624?
16
Calculate the highest common divisor of 5094990 and 90.
90
What is the highest common divisor of 92610 and 2520?
630
Calculate the highest common factor of 41125 and 700.
175
What is the greatest common divisor of 40 and 25240?
40
What is the highest common factor of 4512 and 2640?
48
What is the highest common factor of 120499 and 7421?
41
What is the highest common factor of 20083 and 38?
19
What is the greatest common factor of 92 and 50094?
46
Calculate the greatest common factor of 1720 and 33970.
430
Calculate the highest common divisor of 5083 and 1105.
221
Calculate the greatest common factor of 3 and 49695.
3
What is the highest common factor of 126577 and 7733?
407
What is the highest common factor of 513 and 2572695?
513
What is the greatest common divisor of 448 and 24960?
64
What is the highest common divisor of 434 and 166873?
217
Calculate the greatest common factor of 5974 and 17284.
58
Calculate the greatest common divisor of 137720 and 55.
55
Calculate the highest common divisor of 6517 and 368144.
133
What is the highest common factor of 259 and 936137?
37
Calculate the greatest common divisor of 1687 and 2892.
241
Calculate the greatest common divisor of 22 and 7014304.
22
What is the greatest common divisor of 21 and 7737?
3
Calculate the greatest common divisor of 376 and 2224.
8
Calculate the greatest common factor of 370602 and 756.
54
What is the highest common divisor of 4 and 3616?
4
What is the highest common divisor of 2044 and 1296772?
292
What is the greatest common divisor of 122 and 117913?
61
Calculate the greatest common divisor of 1100 and 1045715.
55
What is the highest common divisor of 8176 and 540784?
1168
What is the highest common divisor of 13362 and 4641?
51
Calculate the highest common factor of 13015 and 262355.
685
Calculate the highest common divisor of 676895 and 42945.
2045
What is the highest common divisor of 2885 and 1755?
5
What is the greatest common factor of 147984 and 2928?
48
Calculate the greatest common divisor of 5225 and 208050.
475
Calculate the greatest common factor of 361920 and 64.
64
What is the highest common divisor of 164 and 2028?
4
What is the highest common factor of 3344 and 2684?
44
What is the highest common factor of 11938 and 86386?
94
Calculate the greatest common divisor of 17665 and 105.
5
Calculate the greatest common factor of 28039 and 33.
11
Calculate the greatest common divisor of 12386 and 20812.
22
Calculate the highest common factor of 51171 and 333.
111
What is the greatest common factor of 179976 and 24?
24
Calculate the highest common divisor of 40980 and 3180.
60
Calculate the highest common factor of 393688 and 48.
8
What is the greatest common factor of 8892 and 6734?
26
Calculate the greatest common divisor of 1386 and 286.
22
Calculate the highest common factor of 26376 and 1372.
28
Calculate the greatest common factor of 342 and 25726.
38
What is the greatest common divisor of 121 and 3883?
11
What is the highest common factor of 35829 and 6635?
1327
Calculate the greatest common factor of 42 and 4120956.
42
Calculate the greatest common divisor of 54172 and 1508.
116
What is the greatest common divisor of 350 and 798?
14
What is the greatest common divisor of 2525707 and 101?
101
Calculate the greatest common factor of 21091 and 49.
7
What is the highest common divisor of 1097550 and 12960?
810
Calculate the greatest common factor of 1383 and 331459.
461
Calculate the highest common divisor of 12824 and 168.
56
What is the greatest common divisor of 1037268 and 72?
36
What is the highest common factor of 128 and 151936?
128
What is the highest common factor of 3887964 and 252?
36
What is the highest common factor of 7748 and 6604?
52
What is the highest common divisor of 79515 and 5805?
135
What is the greatest common factor of 870 and 210?
30
What is the highest common factor of 11979 and 792?
99
Calculate the highest common divisor of 1238036 and 164.
164
What is the highest common factor of 129 and 22102?
43
What is the greatest common factor of 57 and 107141?
19
Calculate the greatest common factor of 5369 and 10731.
7
What is the highest common factor of 25338 and 93318?
618
Calculate the greatest common divisor of 85675 and 345.
115
What is the greatest common divisor of 24 and 1471320?
24
Calculate the highest common divisor of 874390 and 44.
22
Calculate the greatest common factor of 22504 and 395760.
776
Calculate the highest common divisor of 2844 and 1536.
12
Calculate the greatest common divisor of 1702 and 2599.
23
Calculate the highest common divisor of 699985 and 55.
55
What is the greatest common factor of 2016322 and 7?
7
Calculate the greatest common divisor of 47 and 756512.
47
Calculate the highest common factor of 886 and 717660.
886
Calculate the highest common divisor of 16324505 and 85.
85
What is the highest common divisor of 382723 and 121?
121
Calculate the highest common divisor of 7729 and 917.
131
What is the highest common factor of 332 and 19588?
332
What is the highest common divisor of 120 and 18930?
30
Calculate the highest common divisor of 2848 and 295200.
32
What is the highest common factor of 250394 and 8?
2
What is the highest common divisor of 61841 and 871?
871
What is the highest common divisor of 370 and 26566?
74
Calculate the highest common factor of 343250 and 4250.
250
Calculate the greatest common factor of 1110 and 41366.
74
Calculate the highest common divisor of 540 and 59380.
20
Calculate the highest common divisor of 3159630 and 36.
18
What is the highest common divisor of 2294 and 11174?
74
What is the greatest common factor of 76347 and 1377?
153
What is the greatest common divisor of 41026 and 3934?
562
What is the highest common divisor of 6 and 402762?
6
Calculate the highest common factor of 755 and 847865.
755
What is the greatest common factor of 82 and 1346563?
41
What is the greatest common divisor of 4187 and 39962?
53
What is the highest common factor of 8554995 and 17?
17
What is the greatest common divisor of 33883 and 62?
31
Calculate the greatest common factor of 2320 and 32248.
232
Calculate the highest common factor of 2413460 and 280.
140
What is the highest common divisor of 1886 and 16032886?
1886
What is the highest common divisor of 54 and 14715?
27
Calculate the highest common divisor of 71 and 4625.
1
Calculate the highest common divisor of 57648 and 1632.
48
Calculate the greatest common factor of 554 and 1257303.
277
Calculate the highest common divisor of 105784 and 84.
28
Calculate the highest common divisor of 169 and 126919.
169
What is the greatest common divisor of 16 